c*p - 9, -2*a + 10 = 3*p + p. Let r(o) = o**3 - 3*o**2 + 3*o - 3. Calculate r(a).
6
Let g = 5 - 3. Let s(n) = 3*n - 2. Let j be s(g). Suppose j*k - k + 15 = 0. Let y(z) = z**2 + 4*z - 1. Determine y(k).
4
Let g(l) = 6*l + 3 - 2 + 5*l. Let d(h) = -h - 1. Let t(x) = -2*d(x) - g(x). Let p be (3*(0 + -1))/3. Give t(p).
10
Let s(x) = 2*x + 1. Let f be 2/7 - (-48)/(-21). Let k be s(f). Let n(q) = -q**3 - q**2 + q. Calculate n(k).
15
Let s(f) = -f**2 + 3*f - 6. Let b(u) = -3*u + 3*u + 2*u**2 - 5*u - 5 + 16. Let n(l) = -6*b(l) - 11*s(l). What is n(-3)?
0
Let b be (-3 - -10) + (-4)/2. Let d(h) = h**2 - h - 4. Determine d(b).
16
Suppose 2*g = -b + 14, 0*b + 2*b = 0. Let f = g + -5. Let m(s) = -s**2 + 2*s - 1. Determine m(f).
-1
Let d(g) be the second derivative of -1/6*g**3 + 6*g + 1/2*g**2 + 0. Calculate d(-3).
4
Let a(d) be the first derivative of -d**5/60 - 5*d**4/24 - d**3/2 - 2*d**2 - 4. Let j(b) be the second derivative of a(b). Calculate j(-6).
-9
Suppose 3*n + n = 8. Suppose 0*v = 2*v - 6. Let f(m) = n*m**2 - v*m**2 - 2*m - 1 + 3 - m**2. Determine f(2).
-10
Let g(i) = -i**2 - 8*i - 5. Let h be g(-7). Let u(p) = -p - p**2 + 5*p**3 - p**h - 7*p**3. Give u(-1).
1
Let y = -5 - -5. Let a(j) = -3 + 4*j + j**2 - j + y. Let m = -10 + 7. Give a(m).
-3
Let o(n) = -n + 720 - n + n**3 - 724 - 5*n**2. What is o(5)?
-14
Let t = -3 + 2. Let j(x) be the third derivative of x**5/30 + 4*x**2. Calculate j(t).
2
Let p = -4 - -4. Suppose -3*t + p = 5*o - 2, 4*t - 5*o = 26. Suppose 4*r - 16 = -t*j, 1 - 2 = -j - 4*r. Let z(a) = a**2 - 4*a - 2. What is z(j)?
3
Let q(z) = -3*z**2 - 2*z**2 + 4*z - 8 + 6*z**2. Let s be q(-6). Let f(x) be the second derivative of x**4/6 - 5*x**3/6 - x**2 - 3*x. Give f(s).
10
Let g be 144/(-32) + 1/(-2). Let b(n) = -11*n**2 - 12*n + 11. Let i(z) = 5*z**2 + 6*z - 5. Let h(r) = 4*b(r) + 9*i(r). Give h(g).
-6
Suppose 6 = 7*j - 8. Let r(z) be the second derivative of 1/3*z**3 - 5/2*z**j + z + 0. What is r(4)?
3
Let g(r) = 2 - 60*r**2 + 30*r**2 + 5*r + 31*r**2. Give g(-4).
-2
Let h(i) be the third derivative of -i**5/60 + 7*i**4/24 - i**3/2 + i**2. Suppose -2*z + 5 = -3. Let u(p) = -p**2 + 4*p + 5. Let g be u(z). Calculate h(g).
7
Let s(q) be the third derivative of -1/12*q**4 + 2*q**2 + 0 + 0*q - 1/2*q**3 + 1/30*q**5 + 1/60*q**6. Suppose -3*f + 0*f - 6 = 0. Determine s(f).
-7
Let m(k) = k**3 - 4*k**2 - k - 2. Let c(i) = i**2 - i. Let j(q) = 2*c(q) - m(q). Give j(6).
-4
Let h = 5 - 2. Suppose 4*m = h*m. Let c(z) = z + 1. Calculate c(m).
1
Let o(h) = h + 14. Let i be o(-11). Let s(r) = -3*r**2 - 3 + 2*r + r**i + 1 + 1. What is s(3)?
5
Let b(p) = -p + p + p - 2. Suppose 0 = -z + 3*z - 4. Calculate b(z).
0
Let z(i) = i**3 + i**2 - 2. Let l = 5 + -5. Suppose -o + 2 - 1 = -3*d, l = d + 3*o - 3. Calculate z(d).
-2
Let n(q) = -q + 3. Let s be n(0). Suppose -3*z + 12 = 3. Let l(o) = -s*o + 0 + z*o - o + 2. Determine l(-3).
5
Let z(g) = -2*g - 3. Let y be z(-4). Let w(a) = -2*a - 7 + a + y. Give w(-5).
3
Let d(f) be the second derivative of -f**5/30 + f**4/24 - f**2 + f. Let l(y) be the first derivative of d(y). Determine l(1).
-1
Let y(t) = 2*t. Let d = 8 + -5. What is y(d)?
6
Let b(d) = d**3 + 4*d**2 + 7*d + 6. Let h(j) = 2*j**3 + 9*j**2 + 14*j + 13. Let q(z) = -5*b(z) + 3*h(z). Give q(-6).
3
Let x be (10/8)/(15/60). Let r(z) = z**3 - 6*z**2 + 4*z - 5. Give r(x).
-10
Let y(t) = -t. Suppose -c = h - 2 - 2, c = -4*h + 25. Let g = 11 - h. Let a be (-6)/(-1 + g) - 3. Give y(a).
5
Let z = -5 + 8. Let d be 12/8 - (-2)/(-4). Let i(a) = 2*a - a + d + z*a**2 + a. Give i(-2).
9
Let n(t) = t**2 + t - 6. Let o(f) = -f**2 + 5. Let g(z) = 5*n(z) + 6*o(z). Give g(6).
-6
Let d(t) = t + 3. Let l be d(-4). Let p = l - 0. Let k(f) = -3 + 4 - 4*f - 3*f - 2. Give k(p).
6
Let l(z) = -2*z + 1. Suppose 2*f - 39 + 15 = 0. Let g be (-2)/(-3) - (-4)/f. Calculate l(g).
-1
Suppose -o + 1 = -n - 2*o, 4*n + 8 = -5*o. Let t(x) = -2*x - 3 - 4*x + n*x + 0*x. Suppose -3*d = 8 + 4. What is t(d)?
9
Suppose u - 4*p - 17 + 2 = 0, p + 5 = -u. Let x(z) = 3*z**2 - z - 1. Give x(u).
3
Let d = 7 - 5. Let h(g) be the first derivative of 1/4*g**4 + 1 - 2/3*g**3 + g + g**2. What is h(d)?
5
Suppose -11 = -l + 3*m, 0*m - 3*m = 2*l - 4. Let r(t) = -6*t - 2. Give r(l).
-32
Let b(a) = a**2 - 4*a - 2. Let m = 15 + -11. Let o = 0 + m. Let t(g) = g**2 - 2*g - 4. Let x be t(o). What is b(x)?
-2
Suppose 4*w = -s - 10, s + 2*w + 1 = -3. Let m(t) = -2*t**s + 2*t**2 - t**2. Calculate m(0).
0
Let d be 0 + 6 - 6/(-3). Suppose -5*l = -4*a + 15, -a + d = l + 2*l. Let q(m) = -2*m**2 + 0 + l + 4*m - m**3 - 1. Determine q(-3).
-3
Let t(l) = -l. Let o(g) = -3*g - 4. Let d(i) = o(i) - 4*t(i). Let q(n) = 3*n - 12. Let a(m) = 17*d(m) - 6*q(m). Calculate a(-3).
7
Let n = -71 - -75. Let z(l) = -6*l**2 - 20*l + 16. Let i(r) = r**2 + 4*r - 3. Let a(j) = -11*i(j) - 2*z(j). Determine a(n).
1
Suppose 4*u = 5 + 3. Suppose 0 = d + t - 0*t - 5, 3*d + u*t - 11 = 0. Let h(g) = -4*g. Calculate h(d).
-4
Let y be 2/1 + (-3 - -4). Let n(v) = 4 + v - 2*v**2 + y*v**2 + 2*v. Let j = 5 - 8. Give n(j).
4
Let a(r) = -5*r - 1. Let t(c) = c + 1. Let h(i) = a(i) + 4*t(i). Determine h(-4).
7
Let q(v) = v**3 - v + 8. Let g = -2 + -3. Suppose 0 = 3*m - 2*j - 0 - 7, m + 7 = 3*j. Let w = m + g. Calculate q(w).
8
Let o = -14 + 20. Let z be o/(-4 + 5) - 0. Let j(w) = -w**3 + 7*w**2 - 5*w - 8. Give j(z).
-2
Let c(h) = 2 - 2 + 0*h + 7*h. Give c(1).
7
Let w(i) be the first derivative of -i**4/4 - i**2/2 - i + 8. Give w(0).
-1
Let p(i) = -i**2 + 4*i - 1. Let l(c) = 2*c**2 + 3*c. Let v be l(-2). Let u(a) = -6 - 6 - v*a + 4*a. Let h be u(8). Determine p(h).
-1
Let b be (8/12)/((-2)/6). Let g be (-2)/2 - (0 - b). Let s(j) = -4*j**2 - 4*j - 1. Let h(z) = 5*z**2 + 5*z + 1. Let n(t) = 3*h(t) + 4*s(t). Calculate n(g).
-7
Let b(j) = 4*j**2 + 2 + 38*j - 3*j**2 + 37*j + 27*j - 96*j. Suppose -4*k - 4*m - 24 = -0*k, 2*k + 12 = 5*m. What is b(k)?
2
Let f(p) = p**3 + 6*p**2 - p + 1. Let x be f(-6). Let z(g) = -5 + 2*g - x - 2. Let w(r) = r - 7. Let o(q) = 5*w(q) - 3*z(q). Determine o(0).
7
Let v(b) = b**3 - 4*b**2 - 4*b + 1. Suppose -29*o + 45 = -20*o. Give v(o).
6
Let q(w) = -7*w**2 + w - 3. Let j(k) = 4*k**2 - k + 2. Let n(y) = 5*j(y) + 3*q(y). Determine n(-6).
-23
Let w(a) = 199*a**2 + 3*a + 1 + a**3 - 3 - 201*a**2. Calculate w(3).
16
Let x(d) = -d**2 - 2*d - 6. Let f = -97 + 93. Determine x(f).
-14
Let r(p) be the third derivative of -p**4/6 - p**3/3 - 7*p**2. Determine r(1).
-6
Let z(r) = -2 + 0*r - 1 - 3*r. Let m(o) = -o**3 + 4*o**2 - 4*o - 1. Let f be m(3). Let w be (f/(-10))/(1/(-5)). What is z(w)?
3
Let u(q) = q**2 + 3*q - 3. Let z be ((-6)/(-4))/(33/286). Let w be (z + -4)*(-2)/6. Calculate u(w).
-3
Let h(q) be the third derivative of q**5/60 + q**4/8 + q**3/2 + q**2. Suppose -33*d - 12 = -27*d. What is h(d)?
1
Suppose -h + 4*n = 2*h + 17, -10 = -5*n. Let z(v) be the third derivative of -1/30*v**5 + 1/6*v**4 + 0 - 1/120*v**6 + 2*v**2 + 1/6*v**3 + 0*v. Give z(h).
-2
Let y(x) = 5*x**2 - 3*x - 6. Let l(v) = 2*v**2 - 1. Let t(o) = -2*l(o) + y(o). What is t(5)?
6
Let v(a) = 4*a - 6. Let r(k) = -3*k + 5. Let t(w) = 5*r(w) + 4*v(w). Determine t(0).
1
Let t(z) be the first derivative of z**3/3 + 2*z**2 - 2*z - 9. Determine t(-5).
3
Let h = -3 + 7. Let w be h/10 - (-65)/25. Suppose -r - 6 - 13 = -4*y, 2*r = -w*y + 17. Let b(n) = -5*n**3. Give b(r).
-5
Let i(o) = o**2 + 3*o - 12. Let t be i(-6). Let b(r) = -r + 3*r - 8 + 0*r. Calculate b(t).
4
Let a(u) be the first derivative of -3*u**2 + u + 12. Calculate a(-3).
19
Let n(z) be the second derivative of z**4/12 + z**3 - z**2/2 - 3*z. Let d(k) = -k**2. Let v(r) = -2*d(r) - n(r). What is v(5)?
-4
Let h be (-528)/112 - 2/7. Let p(r) be the third derivative of r**6/120 + r**5/10 + r**4/6 - r**3/6 - 2*r**2. Give p(h).
4
Let w be (-48)/18 + 8/2. Let y(r) be the first derivative of -1 - 6*r - 1/4*r**4 + 2*r**2 - w*r**3. Give y(-5).
-1
Suppose -12 = 3*c, -6*c = -5*b - 4*c + 53. Let a = 4 - b. Let i(h) = h**2 + 6*h + 5. Determine i(a).
0
Let f(p) be the second derivative of -5/2*p**2 + p + 0 - p**3. Let s(o) = 7*o + 6. Let m(b) = 6*f(b) + 5*s(b). Determine m(-1).
1
Suppose -6 = 2*x + 2*v, 2*x + 2 + 5 = -v. Suppose -4*y - 4 = -2*j, 3*y + y - 2 = -j. Let l(u) = u**j - 4 - 2*u**2 + 2*u**2 + 4*u. Determine l(x).
-4
Let b = 7 + -1